{"id":218,"date":"2026-03-18T11:40:34","date_gmt":"2026-03-18T14:40:34","guid":{"rendered":"https:\/\/ouvidoriapro.com.br\/?page_id=218"},"modified":"2026-03-18T11:40:48","modified_gmt":"2026-03-18T14:40:48","slug":"formulario-ouvidoriapro","status":"publish","type":"page","link":"https:\/\/ouvidoriapro.com.br\/?page_id=218","title":{"rendered":"Formul\u00e1rio OuvidoriaPRO"},"content":{"rendered":"\t\t<div data-elementor-type=\"wp-page\" data-elementor-id=\"218\" class=\"elementor elementor-218\">\n\t\t\t\t<div class=\"elementor-element elementor-element-0c32ff4 e-flex e-con-boxed e-con e-parent\" data-id=\"0c32ff4\" data-element_type=\"container\" data-e-type=\"container\">\n\t\t\t\t\t<div class=\"e-con-inner\">\n\t\t\t\t<div class=\"elementor-element elementor-element-4f58274 elementor-widget elementor-widget-shortcode\" data-id=\"4f58274\" data-element_type=\"widget\" data-e-type=\"widget\" data-widget_type=\"shortcode.default\">\n\t\t\t\t\t\t\t<div class=\"elementor-shortcode\"><style id=\"wpforms-css-vars-214\">\n\t\t\t\t#wpforms-214 {\n\t\t\t\t--wpforms-field-size-input-height: 43px;\n--wpforms-field-size-input-spacing: 15px;\n--wpforms-field-size-font-size: 16px;\n--wpforms-field-size-line-height: 19px;\n--wpforms-field-size-padding-h: 14px;\n--wpforms-field-size-checkbox-size: 16px;\n--wpforms-field-size-sublabel-spacing: 5px;\n--wpforms-field-size-icon-size: 1;\n--wpforms-label-size-font-size: 16px;\n--wpforms-label-size-line-height: 19px;\n--wpforms-label-size-sublabel-font-size: 14px;\n--wpforms-label-size-sublabel-line-height: 17px;\n--wpforms-button-size-font-size: 17px;\n--wpforms-button-size-height: 41px;\n--wpforms-button-size-padding-h: 15px;\n--wpforms-button-size-margin-top: 10px;\n--wpforms-container-shadow-size-box-shadow: none;\n\t\t\t}\n\t\t\t<\/style><div class=\"wpforms-container wpforms-container-full wpforms-render-modern\" id=\"wpforms-214\"><form id=\"wpforms-form-214\" class=\"wpforms-validate wpforms-form\" data-formid=\"214\" method=\"post\" enctype=\"multipart\/form-data\" action=\"\/index.php?rest_route=%2Fwp%2Fv2%2Fpages%2F218\" data-token=\"97246c685c1c2936694edfdb0d838583\" data-token-time=\"1778900154\"><noscript class=\"wpforms-error-noscript\">Please enable JavaScript in your browser to complete this form.<\/noscript><div id=\"wpforms-error-noscript\" style=\"display: none;\">Please enable JavaScript in your browser to complete this form.<\/div><div class=\"wpforms-field-container\"><div id=\"wpforms-214-field_1-container\" class=\"wpforms-field wpforms-field-select wpforms-field-select-style-classic\" data-field-id=\"1\"><label class=\"wpforms-field-label\" for=\"wpforms-214-field_1\">Tipo da manifesta\u00e7\u00e3o (elogio, reclama\u00e7\u00e3o, den\u00fancia etc.) <span class=\"wpforms-required-label\" aria-hidden=\"true\">*<\/span><\/label><select id=\"wpforms-214-field_1\" class=\"wpforms-field-medium wpforms-field-required\" name=\"wpforms[fields][1]\" required=\"required\"><option value=\"Solicita\u00e7\u00e3o\"  class=\"choice-1 depth-1\"  >Solicita\u00e7\u00e3o<\/option><option value=\"Elogio\"  class=\"choice-2 depth-1\"  >Elogio<\/option><option value=\"Sugest\u00e3o\"  class=\"choice-3 depth-1\"  >Sugest\u00e3o<\/option><option value=\"Simplifica\u00e7\u00e3o\"  class=\"choice-4 depth-1\"  >Simplifica\u00e7\u00e3o<\/option><option value=\"Reclama\u00e7\u00e3o\"  class=\"choice-5 depth-1\"  >Reclama\u00e7\u00e3o<\/option><option value=\"Den\u00fancia\"  class=\"choice-6 depth-1\"  >Den\u00fancia<\/option><\/select><\/div><div id=\"wpforms-214-field_2-container\" class=\"wpforms-field wpforms-field-date-time\" data-field-id=\"2\"><label class=\"wpforms-field-label\" for=\"wpforms-214-field_2\">Data da ocorr\u00eancia <span class=\"wpforms-required-label\" aria-hidden=\"true\">*<\/span><\/label><div class=\"wpforms-datepicker-wrap\"><input type=\"text\" id=\"wpforms-214-field_2\" class=\"wpforms-field-date-time-date wpforms-datepicker wpforms-field-required wpforms-field-medium\" data-date-format=\"m\/d\/Y\" data-disable-past-dates=\"0\" data-input=\"true\" name=\"wpforms[fields][2][date]\" aria-errormessage=\"wpforms-214-field_2-error\" required><a title=\"Clear Date\" data-clear role=\"button\" tabindex=\"0\" class=\"wpforms-datepicker-clear\" aria-label=\"Clear Date\" style=\"display:none;\"><\/a><\/div><\/div><div id=\"wpforms-214-field_3-container\" class=\"wpforms-field wpforms-field-radio\" data-field-id=\"3\"><fieldset><legend class=\"wpforms-field-label\">Optar pelo sigilo (sim\/n\u00e3o) <span class=\"wpforms-required-label\" aria-hidden=\"true\">*<\/span><\/legend><ul id=\"wpforms-214-field_3\" class=\"wpforms-field-required\"><li class=\"choice-1 depth-1\"><input type=\"radio\" id=\"wpforms-214-field_3_1\" name=\"wpforms[fields][3]\" value=\"Sim\" aria-errormessage=\"wpforms-214-field_3_1-error\" aria-describedby=\"wpforms-214-field_3-description\" required ><label class=\"wpforms-field-label-inline\" for=\"wpforms-214-field_3_1\">Sim<\/label><\/li><li class=\"choice-2 depth-1\"><input type=\"radio\" id=\"wpforms-214-field_3_2\" name=\"wpforms[fields][3]\" value=\"N\u00e3o\" aria-errormessage=\"wpforms-214-field_3_2-error\" aria-describedby=\"wpforms-214-field_3-description\" required ><label class=\"wpforms-field-label-inline\" for=\"wpforms-214-field_3_2\">N\u00e3o<\/label><\/li><\/ul><div id=\"wpforms-214-field_3-description\" class=\"wpforms-field-description\">Optar pelo sigilo significa que seus dados somente ser\u00e3o vistos pela ouvidoria.<\/div><\/fieldset><\/div><div id=\"wpforms-214-field_4-container\" class=\"wpforms-field wpforms-field-name\" data-field-id=\"4\"><label class=\"wpforms-field-label\" for=\"wpforms-214-field_4\">Nome completo (opcional)<\/label><input type=\"text\" id=\"wpforms-214-field_4\" class=\"wpforms-field-medium\" name=\"wpforms[fields][4]\" aria-errormessage=\"wpforms-214-field_4-error\" ><\/div><div id=\"wpforms-214-field_5-container\" class=\"wpforms-field wpforms-field-text\" data-field-id=\"5\"><label class=\"wpforms-field-label\" for=\"wpforms-214-field_5\">CPF (obrigat\u00f3rio) <span class=\"wpforms-required-label\" aria-hidden=\"true\">*<\/span><\/label><input type=\"text\" id=\"wpforms-214-field_5\" class=\"wpforms-field-medium wpforms-field-required wpforms-masked-input\" data-rule-inputmask-incomplete=\"1\" data-inputmask-mask=\"999.999.999-99\" name=\"wpforms[fields][5]\" aria-errormessage=\"wpforms-214-field_5-error\" required><\/div><div id=\"wpforms-214-field_6-container\" class=\"wpforms-field wpforms-field-email\" data-field-id=\"6\"><label class=\"wpforms-field-label\" for=\"wpforms-214-field_6\">E-mail <span class=\"wpforms-required-label\" aria-hidden=\"true\">*<\/span><\/label><input type=\"email\" id=\"wpforms-214-field_6\" class=\"wpforms-field-medium wpforms-field-required\" name=\"wpforms[fields][6]\" spellcheck=\"false\" aria-errormessage=\"wpforms-214-field_6-error\" required><\/div><div id=\"wpforms-214-field_7-container\" class=\"wpforms-field wpforms-field-phone\" data-field-id=\"7\"><label class=\"wpforms-field-label\" for=\"wpforms-214-field_7\">Telefone<\/label><input type=\"tel\" id=\"wpforms-214-field_7\" class=\"wpforms-field-medium wpforms-smart-phone-field\" data-rule-smart-phone-field=\"true\" name=\"wpforms[fields][7]\" aria-label=\"Telefone\" aria-errormessage=\"wpforms-214-field_7-error\" ><\/div><div id=\"wpforms-214-field_8-container\" class=\"wpforms-field wpforms-field-phone\" data-field-id=\"8\"><label class=\"wpforms-field-label\" for=\"wpforms-214-field_8\">Celular<\/label><input type=\"tel\" id=\"wpforms-214-field_8\" class=\"wpforms-field-medium wpforms-smart-phone-field\" data-rule-smart-phone-field=\"true\" name=\"wpforms[fields][8]\" aria-label=\"Celular\" aria-errormessage=\"wpforms-214-field_8-error\" ><\/div><div id=\"wpforms-214-field_9-container\" class=\"wpforms-field wpforms-field-text\" data-field-id=\"9\"><label class=\"wpforms-field-label\" for=\"wpforms-214-field_9\">Raz\u00e3o social (obrigat\u00f3rio) <span class=\"wpforms-required-label\" aria-hidden=\"true\">*<\/span><\/label><input type=\"text\" id=\"wpforms-214-field_9\" class=\"wpforms-field-medium wpforms-field-required\" name=\"wpforms[fields][9]\" aria-errormessage=\"wpforms-214-field_9-error\" required><\/div><div id=\"wpforms-214-field_10-container\" class=\"wpforms-field wpforms-field-text\" data-field-id=\"10\"><label class=\"wpforms-field-label\" for=\"wpforms-214-field_10\">CNPJ (obrigat\u00f3rio) <span class=\"wpforms-required-label\" aria-hidden=\"true\">*<\/span><\/label><input type=\"text\" id=\"wpforms-214-field_10\" class=\"wpforms-field-medium wpforms-field-required wpforms-masked-input\" data-rule-inputmask-incomplete=\"1\" data-inputmask-mask=\"99.999.999\/9999-99\" name=\"wpforms[fields][10]\" aria-errormessage=\"wpforms-214-field_10-error\" required><\/div><div id=\"wpforms-214-field_15-container\" class=\"wpforms-field wpforms-field-select wpforms-field-select-style-modern\" data-field-id=\"15\"><label class=\"wpforms-field-label\" for=\"wpforms-214-field_15\">UF <span class=\"wpforms-required-label\" aria-hidden=\"true\">*<\/span><\/label><select id=\"wpforms-214-field_15\" class=\"wpforms-field-medium wpforms-field-required choicesjs-select\" data-size-class=\"wpforms-field-row wpforms-field-medium\" data-search-enabled=\"1\" name=\"wpforms[fields][15]\" required=\"required\"><option value=\"\" class=\"placeholder\" disabled  selected='selected'>--- Selecione seu Estado ---<\/option><option value=\"AC\"  class=\"choice-4 depth-1\"  >AC<\/option><option value=\"AL\"  class=\"choice-5 depth-1\"  >AL<\/option><option value=\"AP\"  class=\"choice-6 depth-1\"  >AP<\/option><option value=\"AM\"  class=\"choice-7 depth-1\"  >AM<\/option><option value=\"BA\"  class=\"choice-8 depth-1\"  >BA<\/option><option value=\"CE\"  class=\"choice-9 depth-1\"  >CE<\/option><option value=\"DF\"  class=\"choice-10 depth-1\"  >DF<\/option><option value=\"ES\"  class=\"choice-11 depth-1\"  >ES<\/option><option value=\"GO\"  class=\"choice-12 depth-1\"  >GO<\/option><option value=\"MA\"  class=\"choice-13 depth-1\"  >MA<\/option><option value=\"MT\"  class=\"choice-14 depth-1\"  >MT<\/option><option value=\"MS\"  class=\"choice-15 depth-1\"  >MS<\/option><option value=\"MG\"  class=\"choice-16 depth-1\"  >MG<\/option><option value=\"PA\"  class=\"choice-17 depth-1\"  >PA<\/option><option value=\"PB\"  class=\"choice-18 depth-1\"  >PB<\/option><option value=\"PR\"  class=\"choice-19 depth-1\"  >PR<\/option><option value=\"PE\"  class=\"choice-20 depth-1\"  >PE<\/option><option value=\"PI\"  class=\"choice-21 depth-1\"  >PI<\/option><option value=\"RJ\"  class=\"choice-22 depth-1\"  >RJ<\/option><option value=\"RN\"  class=\"choice-23 depth-1\"  >RN<\/option><option value=\"RS\"  class=\"choice-24 depth-1\"  >RS<\/option><option value=\"RO\"  class=\"choice-25 depth-1\"  >RO<\/option><option value=\"RR\"  class=\"choice-26 depth-1\"  >RR<\/option><option value=\"SC\"  class=\"choice-27 depth-1\"  >SC<\/option><option value=\"SP\"  class=\"choice-28 depth-1\"  >SP<\/option><option value=\"SE\"  class=\"choice-29 depth-1\"  >SE<\/option><option value=\"TO\"  class=\"choice-30 depth-1\"  >TO<\/option><\/select><\/div>\t\t<div id=\"wpforms-214-field_11-container\"\n\t\t\tclass=\"wpforms-field wpforms-field-text\"\n\t\t\tdata-field-type=\"text\"\n\t\t\tdata-field-id=\"11\"\n\t\t\t>\n\t\t\t<label class=\"wpforms-field-label\" for=\"wpforms-214-field_11\" >com Raz\u00e3o poss\u00edvel)<\/label>\n\t\t\t<input type=\"text\" id=\"wpforms-214-field_11\" class=\"wpforms-field-medium\" name=\"wpforms[fields][11]\" >\n\t\t<\/div>\n\t\t<div id=\"wpforms-214-field_14-container\" class=\"wpforms-field wpforms-field-select wpforms-field-select-style-classic\" data-field-id=\"14\"><label class=\"wpforms-field-label\" for=\"wpforms-214-field_14\">Munic\u00edpio <span class=\"wpforms-required-label\" aria-hidden=\"true\">*<\/span><\/label><select id=\"wpforms-214-field_14\" class=\"wpforms-field-medium wpforms-field-required\" name=\"wpforms[fields][14]\" required=\"required\"><option value=\"\" class=\"placeholder\" disabled  selected='selected'>--- Selecione seu Munic\u00edpio ---<\/option><option value=\"First Choice\"  class=\"choice-1 depth-1\"  >First Choice<\/option><\/select><\/div><div id=\"wpforms-214-field_13-container\" class=\"wpforms-field wpforms-field-textarea\" data-field-id=\"13\"><label class=\"wpforms-field-label\" for=\"wpforms-214-field_13\">Mensagem (descreva sua manifesta\u00e7\u00e3o com o m\u00e1ximo de detalhes poss\u00edvel) <span class=\"wpforms-required-label\" aria-hidden=\"true\">*<\/span><\/label><textarea id=\"wpforms-214-field_13\" class=\"wpforms-field-medium wpforms-field-required\" name=\"wpforms[fields][13]\" aria-errormessage=\"wpforms-214-field_13-error\" required><\/textarea><\/div><script>\n\t\t\t\t( function() {\n\t\t\t\t\tconst style = document.createElement( 'style' );\n\t\t\t\t\tstyle.appendChild( document.createTextNode( '#wpforms-214-field_11-container { position: absolute !important; overflow: hidden !important; display: inline !important; height: 1px !important; width: 1px !important; z-index: -1000 !important; padding: 0 !important; } #wpforms-214-field_11-container input { visibility: hidden; } #wpforms-conversational-form-page #wpforms-214-field_11-container label { counter-increment: none; }' ) );\n\t\t\t\t\tdocument.head.appendChild( style );\n\t\t\t\t\tdocument.currentScript?.remove();\n\t\t\t\t} )();\n\t\t\t<\/script><\/div><!-- .wpforms-field-container --><div class=\"wpforms-submit-container\" ><input type=\"hidden\" name=\"wpforms[id]\" value=\"214\"><input type=\"hidden\" name=\"page_title\" value=\"\"><input type=\"hidden\" name=\"page_url\" value=\"https:\/\/ouvidoriapro.com.br\/index.php?rest_route=\/wp\/v2\/pages\/218\"><input type=\"hidden\" name=\"url_referer\" value=\"\"><button type=\"submit\" name=\"wpforms[submit]\" id=\"wpforms-submit-214\" class=\"wpforms-submit\" data-alt-text=\"Sending...\" data-submit-text=\"Enviar manifesta\u00e7\u00e3o\" aria-live=\"assertive\" value=\"wpforms-submit\">Enviar manifesta\u00e7\u00e3o<\/button><\/div><\/form><\/div>  <!-- .wpforms-container --><\/div>\n\t\t\t\t\t\t<\/div>\n\t\t\t\t\t<\/div>\n\t\t\t\t<\/div>\n\t\t\t\t<\/div>\n\t\t","protected":false},"excerpt":{"rendered":"","protected":false},"author":1,"featured_media":0,"parent":0,"menu_order":0,"comment_status":"closed","ping_status":"closed","template":"elementor_header_footer","meta":{"footnotes":""},"class_list":["post-218","page","type-page","status-publish","hentry"],"_links":{"self":[{"href":"https:\/\/ouvidoriapro.com.br\/index.php?rest_route=\/wp\/v2\/pages\/218","targetHints":{"allow":["GET"]}}],"collection":[{"href":"https:\/\/ouvidoriapro.com.br\/index.php?rest_route=\/wp\/v2\/pages"}],"about":[{"href":"https:\/\/ouvidoriapro.com.br\/index.php?rest_route=\/wp\/v2\/types\/page"}],"author":[{"embeddable":true,"href":"https:\/\/ouvidoriapro.com.br\/index.php?rest_route=\/wp\/v2\/users\/1"}],"replies":[{"embeddable":true,"href":"https:\/\/ouvidoriapro.com.br\/index.php?rest_route=%2Fwp%2Fv2%2Fcomments&post=218"}],"version-history":[{"count":4,"href":"https:\/\/ouvidoriapro.com.br\/index.php?rest_route=\/wp\/v2\/pages\/218\/revisions"}],"predecessor-version":[{"id":222,"href":"https:\/\/ouvidoriapro.com.br\/index.php?rest_route=\/wp\/v2\/pages\/218\/revisions\/222"}],"wp:attachment":[{"href":"https:\/\/ouvidoriapro.com.br\/index.php?rest_route=%2Fwp%2Fv2%2Fmedia&parent=218"}],"curies":[{"name":"wp","href":"https:\/\/api.w.org\/{rel}","templated":true}]}}